{"id":1506,"date":"2023-02-17T19:42:06","date_gmt":"2023-02-17T22:42:06","guid":{"rendered":"https:\/\/ispetyp-cha.infd.edu.ar\/sitio\/?page_id=1506"},"modified":"2023-02-17T20:34:59","modified_gmt":"2023-02-17T23:34:59","slug":"ofertas-academicas-2023","status":"publish","type":"page","link":"https:\/\/ispetyp-cha.infd.edu.ar\/sitio\/ofertas-academicas-2023\/","title":{"rendered":"OFERTAS ACAD\u00c9MICAS 2023"},"content":{"rendered":"\n<p>Escaneando el c\u00f3digo QR (que aparece en la im\u00e1gen que est\u00e1n debajo) tendr\u00e1s acceso al formulario de inscripci\u00f3n y en este podr\u00e1s elegir la carrera en la que deseas inscribirte, completa el formulario, envialo y tu preinscripci\u00f3n ya estar\u00e1 realizada. <\/p>\n\n\n\n<p>Para m\u00e1s informaci\u00f3n podes comunicarte mediante el correo electr\u00f3nico que aparece en las imagenes o acercarte a la Instituci\u00f3n.<\/p>\n\n\n\n<div class=\"wp-block-columns is-layout-flex wp-container-4\">\n<div class=\"wp-block-column is-layout-flow\" style=\"flex-basis:100%\">\n<figure class=\"wp-block-gallery has-nested-images columns-default is-cropped wp-block-gallery-1 is-layout-flex\">\n<figure class=\"wp-block-image size-full\"><img decoding=\"async\" loading=\"lazy\" width=\"1080\" height=\"1080\" src=\"https:\/\/ispetyp-cha.infd.edu.ar\/sitio\/wp-content\/uploads\/2023\/02\/Post-de-Instagram-Frase-inspiradora-Ilustracion-verde-y-naranja-2-2.jpg\" alt=\"\" class=\"wp-image-1521\" srcset=\"https:\/\/ispetyp-cha.infd.edu.ar\/sitio\/wp-content\/uploads\/2023\/02\/Post-de-Instagram-Frase-inspiradora-Ilustracion-verde-y-naranja-2-2.jpg 1080w, https:\/\/ispetyp-cha.infd.edu.ar\/sitio\/wp-content\/uploads\/2023\/02\/Post-de-Instagram-Frase-inspiradora-Ilustracion-verde-y-naranja-2-2-1000x1000.jpg 1000w, https:\/\/ispetyp-cha.infd.edu.ar\/sitio\/wp-content\/uploads\/2023\/02\/Post-de-Instagram-Frase-inspiradora-Ilustracion-verde-y-naranja-2-2-500x500.jpg 500w, https:\/\/ispetyp-cha.infd.edu.ar\/sitio\/wp-content\/uploads\/2023\/02\/Post-de-Instagram-Frase-inspiradora-Ilustracion-verde-y-naranja-2-2-768x768.jpg 768w\" sizes=\"(max-width: 1080px) 100vw, 1080px\" \/><\/figure>\n\n\n\n<figure class=\"wp-block-image size-full\"><img decoding=\"async\" loading=\"lazy\" width=\"1080\" height=\"1080\" src=\"https:\/\/ispetyp-cha.infd.edu.ar\/sitio\/wp-content\/uploads\/2023\/02\/Post-de-Instagram-Frase-inspiradora-Ilustracion-verde-y-naranja-1-1.jpg\" alt=\"\" class=\"wp-image-1522\" srcset=\"https:\/\/ispetyp-cha.infd.edu.ar\/sitio\/wp-content\/uploads\/2023\/02\/Post-de-Instagram-Frase-inspiradora-Ilustracion-verde-y-naranja-1-1.jpg 1080w, https:\/\/ispetyp-cha.infd.edu.ar\/sitio\/wp-content\/uploads\/2023\/02\/Post-de-Instagram-Frase-inspiradora-Ilustracion-verde-y-naranja-1-1-1000x1000.jpg 1000w, https:\/\/ispetyp-cha.infd.edu.ar\/sitio\/wp-content\/uploads\/2023\/02\/Post-de-Instagram-Frase-inspiradora-Ilustracion-verde-y-naranja-1-1-500x500.jpg 500w, https:\/\/ispetyp-cha.infd.edu.ar\/sitio\/wp-content\/uploads\/2023\/02\/Post-de-Instagram-Frase-inspiradora-Ilustracion-verde-y-naranja-1-1-768x768.jpg 768w\" sizes=\"(max-width: 1080px) 100vw, 1080px\" \/><\/figure>\n\n\n\n<figure class=\"wp-block-image size-full\"><img decoding=\"async\" loading=\"lazy\" width=\"1080\" height=\"1080\" src=\"https:\/\/ispetyp-cha.infd.edu.ar\/sitio\/wp-content\/uploads\/2023\/02\/Post-de-Instagram-Frase-inspiradora-Ilustracion-verde-y-naranja-3.jpg\" alt=\"\" class=\"wp-image-1520\" srcset=\"https:\/\/ispetyp-cha.infd.edu.ar\/sitio\/wp-content\/uploads\/2023\/02\/Post-de-Instagram-Frase-inspiradora-Ilustracion-verde-y-naranja-3.jpg 1080w, https:\/\/ispetyp-cha.infd.edu.ar\/sitio\/wp-content\/uploads\/2023\/02\/Post-de-Instagram-Frase-inspiradora-Ilustracion-verde-y-naranja-3-1000x1000.jpg 1000w, https:\/\/ispetyp-cha.infd.edu.ar\/sitio\/wp-content\/uploads\/2023\/02\/Post-de-Instagram-Frase-inspiradora-Ilustracion-verde-y-naranja-3-500x500.jpg 500w, https:\/\/ispetyp-cha.infd.edu.ar\/sitio\/wp-content\/uploads\/2023\/02\/Post-de-Instagram-Frase-inspiradora-Ilustracion-verde-y-naranja-3-768x768.jpg 768w\" sizes=\"(max-width: 1080px) 100vw, 1080px\" \/><\/figure>\n<\/figure>\n<\/div>\n<\/div>\n\n\n\n<p><\/p>\n","protected":false},"excerpt":{"rendered":"<p>Escaneando el c\u00f3digo QR (que aparece en la im\u00e1gen que est\u00e1n debajo) tendr\u00e1s acceso al formulario de inscripci\u00f3n y en este podr\u00e1s elegir la carrera en la que deseas inscribirte, completa el formulario, envialo y tu preinscripci\u00f3n ya estar\u00e1 realizada. Para m\u00e1s informaci\u00f3n podes comunicarte mediante el correo electr\u00f3nico que aparece en las imagenes o &#8230; <a title=\"OFERTAS ACAD\u00c9MICAS 2023\" class=\"read-more\" href=\"https:\/\/ispetyp-cha.infd.edu.ar\/sitio\/ofertas-academicas-2023\/\" aria-label=\"More on OFERTAS ACAD\u00c9MICAS 2023\">[+]<\/a><\/p>\n","protected":false},"author":2137,"featured_media":0,"parent":0,"menu_order":0,"comment_status":"closed","ping_status":"closed","template":"","meta":[],"acf":[],"_links":{"self":[{"href":"https:\/\/ispetyp-cha.infd.edu.ar\/sitio\/wp-json\/wp\/v2\/pages\/1506"}],"collection":[{"href":"https:\/\/ispetyp-cha.infd.edu.ar\/sitio\/wp-json\/wp\/v2\/pages"}],"about":[{"href":"https:\/\/ispetyp-cha.infd.edu.ar\/sitio\/wp-json\/wp\/v2\/types\/page"}],"author":[{"embeddable":true,"href":"https:\/\/ispetyp-cha.infd.edu.ar\/sitio\/wp-json\/wp\/v2\/users\/2137"}],"replies":[{"embeddable":true,"href":"https:\/\/ispetyp-cha.infd.edu.ar\/sitio\/wp-json\/wp\/v2\/comments?post=1506"}],"version-history":[{"count":4,"href":"https:\/\/ispetyp-cha.infd.edu.ar\/sitio\/wp-json\/wp\/v2\/pages\/1506\/revisions"}],"predecessor-version":[{"id":1525,"href":"https:\/\/ispetyp-cha.infd.edu.ar\/sitio\/wp-json\/wp\/v2\/pages\/1506\/revisions\/1525"}],"wp:attachment":[{"href":"https:\/\/ispetyp-cha.infd.edu.ar\/sitio\/wp-json\/wp\/v2\/media?parent=1506"}],"curies":[{"name":"wp","href":"https:\/\/api.w.org\/{rel}","templated":true}]}}