{"id":1533,"date":"2023-11-08T21:33:49","date_gmt":"2023-11-09T00:33:49","guid":{"rendered":"https:\/\/ispetyp-cha.infd.edu.ar\/sitio\/?page_id=1533"},"modified":"2026-04-01T11:20:09","modified_gmt":"2026-04-01T14:20:09","slug":"ofertas-academicas-2024","status":"publish","type":"page","link":"https:\/\/ispetyp-cha.infd.edu.ar\/sitio\/ofertas-academicas-2024\/","title":{"rendered":"OFERTAS ACAD\u00c9MICAS"},"content":{"rendered":"\n<p>Ofertas Acad\u00e9micas 2026, cualquier consulta que tengas lo pod\u00e9s hacer a trav\u00e9s del correo electr\u00f3nico: <a href=\"mailto:intetyfp@yahoo.com.ar\">intetyfp@yahoo.com.ar<\/a>,<\/p>\n\n\n\n<p> Pod\u00e9s inscribirte a trav\u00e9s de este link: <\/p>\n\n\n\n<a href=\"https:\/\/docs.google.com\/forms\/d\/e\/1FAIpQLSfO3VKZ888jHhZzzRxbVfP-WRaiQlxd9A8InbNdRLYKxB3RQg\/viewform\" target=\"_blank\" rel=\"noopener\">Completar el formulario<\/a>\n\n\n\n<p>O escanea el c\u00f3digo QR de la imagen:<\/p>\n\n\n\n<hr class=\"wp-block-separator has-alpha-channel-opacity\"\/>\n\n\n<div class=\"wp-block-image\">\n<figure class=\"aligncenter size-large is-resized\"><img decoding=\"async\" loading=\"lazy\" src=\"https:\/\/ispetyp-cha.infd.edu.ar\/sitio\/wp-content\/uploads\/2025\/11\/Oferta-iesetyfp-2024-1069x1900.jpg\" alt=\"\" class=\"wp-image-1938\" width=\"636\" height=\"1129\" srcset=\"https:\/\/ispetyp-cha.infd.edu.ar\/sitio\/wp-content\/uploads\/2025\/11\/Oferta-iesetyfp-2024-1069x1900.jpg 1069w, https:\/\/ispetyp-cha.infd.edu.ar\/sitio\/wp-content\/uploads\/2025\/11\/Oferta-iesetyfp-2024-563x1000.jpg 563w, https:\/\/ispetyp-cha.infd.edu.ar\/sitio\/wp-content\/uploads\/2025\/11\/Oferta-iesetyfp-2024-768x1365.jpg 768w\" sizes=\"(max-width: 636px) 100vw, 636px\" \/><\/figure><\/div>\n\n<div class=\"wp-block-image\">\n<figure class=\"aligncenter size-large is-resized\"><img decoding=\"async\" loading=\"lazy\" src=\"https:\/\/ispetyp-cha.infd.edu.ar\/sitio\/wp-content\/uploads\/2026\/04\/3-Vinetas-de-Comic-con-Titular-Inferior-En-Blanco-1900x1520.png\" alt=\"\" class=\"wp-image-1942\" width=\"698\" height=\"559\" srcset=\"https:\/\/ispetyp-cha.infd.edu.ar\/sitio\/wp-content\/uploads\/2026\/04\/3-Vinetas-de-Comic-con-Titular-Inferior-En-Blanco-1900x1520.png 1900w, https:\/\/ispetyp-cha.infd.edu.ar\/sitio\/wp-content\/uploads\/2026\/04\/3-Vinetas-de-Comic-con-Titular-Inferior-En-Blanco-1000x800.png 1000w, https:\/\/ispetyp-cha.infd.edu.ar\/sitio\/wp-content\/uploads\/2026\/04\/3-Vinetas-de-Comic-con-Titular-Inferior-En-Blanco-768x614.png 768w, https:\/\/ispetyp-cha.infd.edu.ar\/sitio\/wp-content\/uploads\/2026\/04\/3-Vinetas-de-Comic-con-Titular-Inferior-En-Blanco-1536x1229.png 1536w, https:\/\/ispetyp-cha.infd.edu.ar\/sitio\/wp-content\/uploads\/2026\/04\/3-Vinetas-de-Comic-con-Titular-Inferior-En-Blanco.png 2000w\" sizes=\"(max-width: 698px) 100vw, 698px\" \/><\/figure><\/div>","protected":false},"excerpt":{"rendered":"<p>Ofertas Acad\u00e9micas 2026, cualquier consulta que tengas lo pod\u00e9s hacer a trav\u00e9s del correo electr\u00f3nico: intetyfp@yahoo.com.ar, Pod\u00e9s inscribirte a trav\u00e9s de este link: Completar el formulario O escanea el c\u00f3digo QR de la imagen:<\/p>\n","protected":false},"author":2137,"featured_media":0,"parent":0,"menu_order":0,"comment_status":"closed","ping_status":"closed","template":"","meta":[],"acf":[],"_links":{"self":[{"href":"https:\/\/ispetyp-cha.infd.edu.ar\/sitio\/wp-json\/wp\/v2\/pages\/1533"}],"collection":[{"href":"https:\/\/ispetyp-cha.infd.edu.ar\/sitio\/wp-json\/wp\/v2\/pages"}],"about":[{"href":"https:\/\/ispetyp-cha.infd.edu.ar\/sitio\/wp-json\/wp\/v2\/types\/page"}],"author":[{"embeddable":true,"href":"https:\/\/ispetyp-cha.infd.edu.ar\/sitio\/wp-json\/wp\/v2\/users\/2137"}],"replies":[{"embeddable":true,"href":"https:\/\/ispetyp-cha.infd.edu.ar\/sitio\/wp-json\/wp\/v2\/comments?post=1533"}],"version-history":[{"count":19,"href":"https:\/\/ispetyp-cha.infd.edu.ar\/sitio\/wp-json\/wp\/v2\/pages\/1533\/revisions"}],"predecessor-version":[{"id":1944,"href":"https:\/\/ispetyp-cha.infd.edu.ar\/sitio\/wp-json\/wp\/v2\/pages\/1533\/revisions\/1944"}],"wp:attachment":[{"href":"https:\/\/ispetyp-cha.infd.edu.ar\/sitio\/wp-json\/wp\/v2\/media?parent=1533"}],"curies":[{"name":"wp","href":"https:\/\/api.w.org\/{rel}","templated":true}]}}