{"id":1589,"date":"2024-10-13T20:46:45","date_gmt":"2024-10-13T23:46:45","guid":{"rendered":"https:\/\/ispetyp-cha.infd.edu.ar\/sitio\/?page_id=1589"},"modified":"2025-11-05T10:18:14","modified_gmt":"2025-11-05T13:18:14","slug":"1589-2","status":"publish","type":"page","link":"https:\/\/ispetyp-cha.infd.edu.ar\/sitio\/1589-2\/","title":{"rendered":"PROFESORADOS"},"content":{"rendered":"\n<div class=\"wp-block-group is-layout-constrained\"><div class=\"wp-block-group__inner-container\">\n<div class=\"wp-block-group alignfull is-layout-constrained\"><div class=\"wp-block-group__inner-container\">\n<div class=\"wp-block-columns alignfull is-layout-flex wp-container-2\">\n<div class=\"wp-block-column is-vertically-aligned-center is-layout-flow\" style=\"flex-basis:100%\">\n<div style=\"display: flex; justify-content: center; background-color: white; padding: 5vw; gap: 2vw; flex-wrap: wrap; max-width: 100%; overflow-x: hidden;\">\n    <div style=\"background-color: #619bd7; border-radius: 1vw; width: 100%; max-width: 22%; min-width: 250px; padding: 4vw; text-align: center; display: flex; flex-direction: column; box-sizing: border-box;\">\n        <img decoding=\"async\" style=\"width: 10vw; height: auto; margin-bottom: 2vw; align-self: center;\" src=\"https:\/\/ispetyp-cha.infd.edu.ar\/sitio\/wp-content\/uploads\/2024\/10\/prof1-removebg-preview.png\" alt=\"Icono Educaci\u00f3n Tecnol\u00f3gica\">\n        <h3 style=\"color: white; font-size: 1.5vw;\">Profesorado para la Educaci\u00f3n Tecnol\u00f3gica<\/h3>\n        <p style=\"color: white; font-size: 1vw;\">\n            <strong>T\u00cdTULO A OTORGAR:<\/strong><br>Profesor\/a para la Educaci\u00f3n Tecnol\u00f3gica.<br>\n            <strong>DURACI\u00d3N:<\/strong><br>4 A\u00f1os.\n        <\/p>\n        <a href=\"https:\/\/drive.google.com\/file\/d\/1DdpWeqItdNDqkiTHt0qdV3ISULZWx3hU\/view?usp=sharing\" style=\"display: inline-block; padding: 1vw 2vw; background-color: white; color: #619bd7; border-radius: 0.5vw; text-decoration: none; font-weight: bold; margin-top: auto;\">M\u00e1s informaci\u00f3n<\/a>\n    <\/div>\n\n    <div style=\"background-color: #619bd7; border-radius: 1vw; width: 100%; max-width: 22%; min-width: 250px; padding: 4vw; text-align: center; display: flex; flex-direction: column; box-sizing: border-box;\">\n        <img decoding=\"async\" style=\"width: 10vw; height: auto; margin-bottom: 2vw; align-self: center;\" src=\"https:\/\/ispetyp-cha.infd.edu.ar\/sitio\/wp-content\/uploads\/2024\/10\/prof22-removebg-preview-1.png\" alt=\"Icono F\u00edsica\">\n        <h3 style=\"color: white; font-size: 1.5vw;\">Profesorado para la Educaci\u00f3n Secundaria en F\u00edsica<\/h3>\n        <p style=\"color: white; font-size: 1vw;\">\n            <strong>T\u00cdTULO A OTORGAR:<\/strong><br>Profesor\/a de Educaci\u00f3n Secundaria en F\u00edsica.<br>\n            <strong>DURACI\u00d3N:<\/strong><br>4 A\u00f1os.\n        <\/p>\n        <a href=\"https:\/\/drive.google.com\/file\/d\/1mYRRCQXBbNFFZkx7WZpXA_2Ap_yzKlYC\/view?usp=sharing\" style=\"display: inline-block; padding: 1vw 2vw; background-color: white; color: #619bd7; border-radius: 0.5vw; text-decoration: none; font-weight: bold; margin-top: auto;\">M\u00e1s informaci\u00f3n<\/a>\n    <\/div>\n\n    <div style=\"background-color: #619bd7; border-radius: 1vw; width: 100%; max-width: 22%; min-width: 250px; padding: 4vw; text-align: center; display: flex; flex-direction: column; box-sizing: border-box;\">\n        <img decoding=\"async\" style=\"width: 10vw; height: auto; margin-bottom: 2vw; align-self: center;\" src=\"https:\/\/ispetyp-cha.infd.edu.ar\/sitio\/wp-content\/uploads\/2024\/10\/prof3-removebg-preview.png\" alt=\"Icono T\u00e9cnico Profesional\">\n        <h3 style=\"color: white; font-size: 1.5vw;\">Profesorado de Educaci\u00f3n Secundaria en la Modalidad T\u00e9cnico Profesional<\/h3>\n        <p style=\"color: white; font-size: 1vw;\">\n            <strong>T\u00cdTULO A OTORGAR:<\/strong><br>Profesor\/a de Nivel Secundario de la Modalidad T\u00e9cnico Profesional.<br>\n            <strong>DURACI\u00d3N:<\/strong><br>4 A\u00f1os.\n        <\/p>\n        <a href=\"https:\/\/drive.google.com\/file\/d\/1pO7peoSvLNm_chA4XzKSzf6m942wCqJ1\/view?usp=sharing\" style=\"display: inline-block; padding: 1vw 2vw; background-color: white; color: #619bd7; border-radius: 0.5vw; text-decoration: none; font-weight: bold; margin-top: auto;\">M\u00e1s informaci\u00f3n<\/a>\n    <\/div>\n\n    <div style=\"background-color: #619bd7; border-radius: 1vw; width: 100%; max-width: 22%; min-width: 250px; padding: 4vw; text-align: center; display: flex; flex-direction: column; box-sizing: border-box;\">\n        <img decoding=\"async\" style=\"width: 10vw; height: auto; margin-bottom: 2vw; align-self: center;\" src=\"https:\/\/ispetyp-cha.infd.edu.ar\/sitio\/wp-content\/uploads\/2024\/10\/prof4.1-removebg-preview.png\" alt=\"Icono Inform\u00e1tica\">\n        <h3 style=\"color: white; font-size: 1.5vw;\">Profesorado de Inform\u00e1tica para la Educaci\u00f3n Superior<\/h3>\n        <p style=\"color: white; font-size: 1vw;\">\n            Docencia en inform\u00e1tica aplicada a nivel superior.\n        <\/p>\n        <a href=\"https:\/\/drive.google.com\/file\/d\/1b7BaezFt-_TfvlUYShxM5kWF5E5QZ59d\/view?usp=sharing\" style=\"display: inline-block; padding: 1vw 2vw; background-color: white; color: #619bd7; border-radius: 0.5vw; text-decoration: none; font-weight: bold; margin-top: auto;\">M\u00e1s informaci\u00f3n<\/a>\n    <\/div>\n<\/div>\n\n\n<style>\n    \/* Media Query para pantallas peque\u00f1as *\/\n    @media (max-width: 768px) {\n        div[style*=\"display: flex;\"] {\n            flex-direction: column;\n            padding: 5vw 2vw;\n            align-items: center; \n        }\n        div[style*=\"background-color: #619bd7;\"] {\n            width: 100%;\n            margin-bottom: 3vw;\n        }\n        h3 {\n            font-size: 4vw;\n        }\n        p, a {\n            font-size: 3vw;\n        }\n    }\n<\/style>\n<\/div>\n<\/div>\n<\/div><\/div>\n<\/div><\/div>\n","protected":false},"excerpt":{"rendered":"<p>Profesorado para la Educaci\u00f3n Tecnol\u00f3gica T\u00cdTULO A OTORGAR:Profesor\/a para la Educaci\u00f3n Tecnol\u00f3gica. DURACI\u00d3N:4 A\u00f1os. M\u00e1s informaci\u00f3n Profesorado para la Educaci\u00f3n Secundaria en F\u00edsica T\u00cdTULO A OTORGAR:Profesor\/a de Educaci\u00f3n Secundaria en F\u00edsica. DURACI\u00d3N:4 A\u00f1os. M\u00e1s informaci\u00f3n Profesorado de Educaci\u00f3n Secundaria en la Modalidad T\u00e9cnico Profesional T\u00cdTULO A OTORGAR:Profesor\/a de Nivel Secundario de la Modalidad T\u00e9cnico Profesional. &#8230; <a title=\"PROFESORADOS\" class=\"read-more\" href=\"https:\/\/ispetyp-cha.infd.edu.ar\/sitio\/1589-2\/\" aria-label=\"More on PROFESORADOS\">[+]<\/a><\/p>\n","protected":false},"author":3863,"featured_media":0,"parent":0,"menu_order":0,"comment_status":"closed","ping_status":"closed","template":"","meta":[],"acf":[],"_links":{"self":[{"href":"https:\/\/ispetyp-cha.infd.edu.ar\/sitio\/wp-json\/wp\/v2\/pages\/1589"}],"collection":[{"href":"https:\/\/ispetyp-cha.infd.edu.ar\/sitio\/wp-json\/wp\/v2\/pages"}],"about":[{"href":"https:\/\/ispetyp-cha.infd.edu.ar\/sitio\/wp-json\/wp\/v2\/types\/page"}],"author":[{"embeddable":true,"href":"https:\/\/ispetyp-cha.infd.edu.ar\/sitio\/wp-json\/wp\/v2\/users\/3863"}],"replies":[{"embeddable":true,"href":"https:\/\/ispetyp-cha.infd.edu.ar\/sitio\/wp-json\/wp\/v2\/comments?post=1589"}],"version-history":[{"count":24,"href":"https:\/\/ispetyp-cha.infd.edu.ar\/sitio\/wp-json\/wp\/v2\/pages\/1589\/revisions"}],"predecessor-version":[{"id":1936,"href":"https:\/\/ispetyp-cha.infd.edu.ar\/sitio\/wp-json\/wp\/v2\/pages\/1589\/revisions\/1936"}],"wp:attachment":[{"href":"https:\/\/ispetyp-cha.infd.edu.ar\/sitio\/wp-json\/wp\/v2\/media?parent=1589"}],"curies":[{"name":"wp","href":"https:\/\/api.w.org\/{rel}","templated":true}]}}