{"id":1798,"date":"2024-10-28T17:05:21","date_gmt":"2024-10-28T20:05:21","guid":{"rendered":"https:\/\/ispetyp-cha.infd.edu.ar\/sitio\/?page_id=1798"},"modified":"2024-11-27T09:03:36","modified_gmt":"2024-11-27T12:03:36","slug":"directivos","status":"publish","type":"page","link":"https:\/\/ispetyp-cha.infd.edu.ar\/sitio\/directivos\/","title":{"rendered":""},"content":{"rendered":"\n<!DOCTYPE html>\n<html lang=\"es\">\n<head>\n    <meta charset=\"UTF-8\">\n    <meta name=\"viewport\" content=\"width=device-width, initial-scale=1.0\">\n    <title>Autoridades<\/title>\n    <style>\n        body {\n            font-family: 'Poppins', sans-serif;\n            background-color: #EBEBEB;\n            color: #333;\n            margin: 0;\n            padding: 0;\n        }\n\n        .container {\n            max-width: 1200px;\n            margin: 50px auto;\n            padding: 20px;\n        }\n\n        h1 {\n            text-align: center;\n            font-size: 3.5em;\n            margin-bottom: 50px;\n            font-weight: bold;\n            color: #6FA0E8;\n        }\n\n        h2 {\n            font-size: 2.5em;\n            margin: 40px 0 20px;\n            color: #6FA0E8;\n            border-bottom: 2px solid #6FA0E8;\n            padding-bottom: 10px;\n        }\n\n        .section {\n            margin-bottom: 60px;\n        }\n\n        .card-container {\n            display: flex;\n            flex-wrap: wrap;\n            justify-content: center;\n            gap: 30px;\n        }\n\n        .card {\n            background-color: #fff;\n            border-radius: 20px;\n            overflow: hidden;\n            box-shadow: 0 10px 25px rgba(0, 0, 0, 0.1);\n            border: 3px solid #6FA0E8;\n            transition: transform 0.3s ease, box-shadow 0.3s ease;\n            width: 300px;\n        }\n\n        .card:hover {\n            transform: translateY(-10px);\n            box-shadow: 0 15px 30px rgba(0, 0, 0, 0.2);\n        }\n\n        .card img {\n            width: 100%;\n            height: 200px;\n            object-fit: cover;\n        }\n\n        .card-body {\n            padding: 20px;\n            text-align: center;\n        }\n\n        .card-body h3 {\n            font-size: 1.8em;\n            margin-bottom: 10px;\n            color: #6FA0E8;\n            font-weight: 600;\n        }\n\n        .card-body p {\n            font-size: 1.1em;\n            margin-bottom: 5px;\n            color: #666;\n        }\n\n        .card-body .position {\n            color: #333;\n            font-size: 1.2em;\n            font-weight: 500;\n        }\n    <\/style>\n<\/head>\n<body>\n    <div class=\"container\">\n        <h1>Autoridades<\/h1>\n\n        <!-- Secci\u00f3n Rector -->\n        <div class=\"section\">\n            <h2>Rector<\/h2>\n            <div class=\"card-container\">\n                <div class=\"card\">\n                    <img decoding=\"async\" src=\"https:\/\/ispetyp-cha.infd.edu.ar\/sitio\/wp-content\/uploads\/2024\/10\/imglogo.jpg\" alt=\"Foto de Prof. Canteros, Carlos\">\n                    <div class=\"card-body\">\n                        <h3>Prof. Canteros, Carlos<\/h3>\n                        <p class=\"position\">Rector<\/p>\n                    <\/div>\n                <\/div>\n            <\/div>\n        <\/div>\n\n        <!-- Secci\u00f3n Autoridades Administrativas -->\n        <div class=\"section\">\n            <h2>Autoridades Administrativas<\/h2>\n            <div class=\"card-container\">\n                <div class=\"card\">\n                    <img decoding=\"async\" src=\"https:\/\/ispetyp-cha.infd.edu.ar\/sitio\/wp-content\/uploads\/2024\/10\/imglogo.jpg\" alt=\"Foto de Prof. Duarte, Mar\u00eda Eva\">\n                    <div class=\"card-body\">\n                        <h3>Prof. Duarte, Mar\u00eda Eva<\/h3>\n                        <p class=\"position\">Secretaria<\/p>\n                    <\/div>\n                <\/div>\n                <div class=\"card\">\n                    <img decoding=\"async\" src=\"https:\/\/ispetyp-cha.infd.edu.ar\/sitio\/wp-content\/uploads\/2024\/10\/imglogo.jpg\" alt=\"Foto de Prof. Toro, Cristina\">\n                    <div class=\"card-body\">\n                        <h3>Prof. Toro, Cristina<\/h3>\n                        <p class=\"position\">Pro Secretaria<\/p>\n                    <\/div>\n                <\/div>\n                <div class=\"card\">\n                    <img decoding=\"async\" src=\"https:\/\/ispetyp-cha.infd.edu.ar\/sitio\/wp-content\/uploads\/2024\/10\/imglogo.jpg\" alt=\"Foto de Prof. Ponce, Perla\">\n                    <div class=\"card-body\">\n                        <h3>Prof. Segovia, Julieta<\/h3>\n                        <p class=\"position\">Coordinadora Pedag\u00f3gica<\/p>\n                    <\/div>\n                <\/div>\n            <\/div>\n        <\/div>\n\n        <!-- Secci\u00f3n Directores\/as de Estudio -->\n        <div class=\"section\">\n            <h2>Directores\/as de Estudio<\/h2>\n            <div class=\"card-container\">\n                <div class=\"card\">\n                    <img decoding=\"async\" src=\"https:\/\/ispetyp-cha.infd.edu.ar\/sitio\/wp-content\/uploads\/2024\/10\/imglogo.jpg\" alt=\"Foto de Prof. Ferrero, Carlos\">\n                    <div class=\"card-body\">\n                        <h3>Prof. Ferrero, Carlos<\/h3>\n                        <p class=\"position\">Tecnicatura (UES) SDS y SSITI<\/p>\n                    <\/div>\n                <\/div>\n                <div class=\"card\">\n                    <img decoding=\"async\" src=\"https:\/\/ispetyp-cha.infd.edu.ar\/sitio\/wp-content\/uploads\/2024\/10\/imglogo.jpg\" alt=\"Foto de Ing. Geneyer, Miguel\">\n                    <div class=\"card-body\">\n                        <h3>Ing. Geneyer, Miguel<\/h3>\n                        <p class=\"position\">Profesorado para la Educaci\u00f3n Secundaria en F\u00edsica<\/p>\n                    <\/div>\n                <\/div>\n                <div class=\"card\">\n                    <img decoding=\"async\" src=\"https:\/\/ispetyp-cha.infd.edu.ar\/sitio\/wp-content\/uploads\/2024\/10\/imglogo.jpg\" alt=\"Foto de Prof. Piana, Paola\">\n                    <div class=\"card-body\">\n                        <h3>Prof. Piana, Paola<\/h3>\n                        <p class=\"position\">Profesorado para la Educaci\u00f3n Tecnol\u00f3gica<\/p>\n                    <\/div>\n                <\/div>\n                <div class=\"card\">\n                    <img decoding=\"async\" src=\"https:\/\/ispetyp-cha.infd.edu.ar\/sitio\/wp-content\/uploads\/2024\/10\/imglogo.jpg\" alt=\"Foto de Prof. Segovia, Julieta\">\n                    <div class=\"card-body\">\n                        <h3>Prof. <\/h3>\n                        <p class=\"position\">Tecnicatura Superior en Seguridad, Higiene y Medio Ambiente en el Trabajo<\/p>\n                    <\/div>\n                <\/div>\n            <\/div>\n        <\/div>\n\n        <!-- Secci\u00f3n Bibliotecaria -->\n        <div class=\"section\">\n            <h2>Bibliotecaria<\/h2>\n            <div class=\"card-container\">\n                <div class=\"card\">\n                    <img decoding=\"async\" src=\"https:\/\/ispetyp-cha.infd.edu.ar\/sitio\/wp-content\/uploads\/2024\/10\/imglogo.jpg\" alt=\"Foto de Maciel, Martha\">\n                    <div class=\"card-body\">\n                        <h3>Maciel, Martha<\/h3>\n                        <p class=\"position\">Bibliotecaria<\/p>\n                    <\/div>\n                <\/div>\n            <\/div>\n        <\/div>\n    <\/div>\n<\/body>\n<\/html>\n","protected":false},"excerpt":{"rendered":"<p>Autoridades Autoridades Rector Prof. Canteros, Carlos Rector Autoridades Administrativas Prof. Duarte, Mar\u00eda Eva Secretaria Prof. Toro, Cristina Pro Secretaria Prof. Segovia, Julieta Coordinadora Pedag\u00f3gica Directores\/as de Estudio Prof. Ferrero, Carlos Tecnicatura (UES) SDS y SSITI Ing. Geneyer, Miguel Profesorado para la Educaci\u00f3n Secundaria en F\u00edsica Prof. Piana, Paola Profesorado para la Educaci\u00f3n Tecnol\u00f3gica Prof. Tecnicatura &#8230; <a title=\"\" class=\"read-more\" href=\"https:\/\/ispetyp-cha.infd.edu.ar\/sitio\/directivos\/\" aria-label=\"More on \">[+]<\/a><\/p>\n","protected":false},"author":3863,"featured_media":0,"parent":0,"menu_order":0,"comment_status":"closed","ping_status":"closed","template":"","meta":[],"acf":[],"_links":{"self":[{"href":"https:\/\/ispetyp-cha.infd.edu.ar\/sitio\/wp-json\/wp\/v2\/pages\/1798"}],"collection":[{"href":"https:\/\/ispetyp-cha.infd.edu.ar\/sitio\/wp-json\/wp\/v2\/pages"}],"about":[{"href":"https:\/\/ispetyp-cha.infd.edu.ar\/sitio\/wp-json\/wp\/v2\/types\/page"}],"author":[{"embeddable":true,"href":"https:\/\/ispetyp-cha.infd.edu.ar\/sitio\/wp-json\/wp\/v2\/users\/3863"}],"replies":[{"embeddable":true,"href":"https:\/\/ispetyp-cha.infd.edu.ar\/sitio\/wp-json\/wp\/v2\/comments?post=1798"}],"version-history":[{"count":7,"href":"https:\/\/ispetyp-cha.infd.edu.ar\/sitio\/wp-json\/wp\/v2\/pages\/1798\/revisions"}],"predecessor-version":[{"id":1919,"href":"https:\/\/ispetyp-cha.infd.edu.ar\/sitio\/wp-json\/wp\/v2\/pages\/1798\/revisions\/1919"}],"wp:attachment":[{"href":"https:\/\/ispetyp-cha.infd.edu.ar\/sitio\/wp-json\/wp\/v2\/media?parent=1798"}],"curies":[{"name":"wp","href":"https:\/\/api.w.org\/{rel}","templated":true}]}}